{"id":2596,"date":"2023-09-07T21:45:54","date_gmt":"2023-09-08T00:45:54","guid":{"rendered":"https:\/\/revistacampus.uandes.cl\/2023\/?page_id=2596"},"modified":"2023-09-07T21:45:55","modified_gmt":"2023-09-08T00:45:55","slug":"marisol-grisanti","status":"publish","type":"page","link":"https:\/\/revistacampus.uandes.cl\/2023\/marisol-grisanti\/","title":{"rendered":"Marisol Grisanti"},"content":{"rendered":"\n<section id=\"g288b28\" class=\"wp-block-gutentor-p4 section-g288b28 gutentor-post-module gutentor-advanced-post-module\" data-gpid=\"2596\" data-l-ani=\"gp4-animation-1\" data-i-b=\"gutentor\/p1\" data-maxnumpages=\"1\">\n<div id=\"section-g977122\" class=\"wp-block-gutentor-e16 section-g977122 gutentor-element gutentor-post-header d-none\"><div class=\"grid-container\"><div class=\"grid-row\">\n<div id=\"col-gm0eaed2\" class=\"wp-block-gutentor-e15 gutentor-single-column  grid-lg-5 grid-md-5 grid-5\"><div id=\"section-gm0eaed2\" class=\"section-gm0eaed2 gutentor-col-wrap\">\n<div id=\"section-gd4e65e\" class=\"wp-block-gutentor-e0 section-gd4e65e gutentor-element gutentor-element-advanced-text\"><div class=\"gutentor-text-wrap\"><h3 class=\"gutentor-text\"><\/h3><\/div><\/div>\n\n\n\n<div id=\"section-g5610d9\" class=\"wp-block-gutentor-e0 section-g5610d9 gutentor-element gutentor-element-advanced-text\"><div class=\"gutentor-text-wrap\"><p class=\"gutentor-text\"><\/p><\/div><\/div>\n<\/div><\/div>\n\n\n\n<div id=\"col-gmf01e64\" class=\"wp-block-gutentor-e15 gutentor-single-column  grid-lg-5 grid-md-5 grid-5\"><div id=\"section-gmf01e64\" class=\"section-gmf01e64 gutentor-col-wrap\">\n<div id=\"section-g8656f8\" class=\"wp-block-gutentor-e14 section-g8656f8 gutentor-element gutentor-element-term-filter text-align-center-desktop text-align-center-tablet text-align-left-mobile\"><div class=\"gutentor-filter-navigation\" data-gtax=\"category\" data-gpost=\"post\"><div class=\"gutentor-filter-wrap\"><ul class=\"gutentor-filter-list g-responsive-menu\"><\/ul><\/div><\/div><\/div>\n<\/div><\/div>\n\n\n\n<div id=\"col-gm7cdf32\" class=\"wp-block-gutentor-e15 gutentor-single-column  grid-lg-2 grid-md-2 grid-2\"><div id=\"section-gm7cdf32\" class=\"section-gm7cdf32 gutentor-col-wrap\">\n<div id=\"section-g8980f3\" class=\"wp-block-gutentor-e13 section-g8980f3 gutentor-element gutentor-element-navigation text-align-right-desktop text-align-right-tablet text-align-left-mobile\"><div class=\"gutentor-navigation\" data-gpage=\"1\"><ul class=\"gutentor-next-prev\"><li><a class=\"gutentor-disabled g-nav-prev\"><i class=\"fas fa-chevron-left\"><\/i><\/a><\/li><li><a class=\"g-nav-next gutentor-disabled\"><i class=\"fas fa-chevron-right\"><\/i><\/a><\/li><\/ul><\/div><\/div>\n<\/div><\/div>\n<\/div><\/div><\/div>\n\n\n<section class=\"gutentor-post-module section-1259a346-1cf8-4023-9b2a-b59c773e7042 gutentor-post-module-p1 gutentor_p1_template1 wp-block-gutentor-p1 g-equal-height gutentor-blog-grid\" id=\"1259a346-1cf8-4023-9b2a-b59c773e7042\" data-gbid=\"1259a346-1cf8-4023-9b2a-b59c773e7042\" >\n<div class='grid-container'><div class='grid-row' ><article class='gutentor-post  grid-md-4 grid-sm-4 grid-xs-12'><div class='gutentor-post-item'><div class='gutentor-post-image-box'><a class=\"gutentor-post-image-link \" href=\"https:\/\/revistacampus.uandes.cl\/2023\/queremos-ser-lideres-y-agentes-de-cambio\/\"  rel=\"noopener noreferrer\"><div class=\"gutentor-image-thumb\"><img fetchpriority=\"high\" decoding=\"async\" width=\"2000\" height=\"922\" src=\"https:\/\/revistacampus.uandes.cl\/2023\/wp-content\/uploads\/2023\/08\/stanford_1.jpg\" class=\"attachment-full size-full wp-post-image\" alt=\"\" srcset=\"https:\/\/revistacampus.uandes.cl\/2023\/wp-content\/uploads\/2023\/08\/stanford_1.jpg 2000w, https:\/\/revistacampus.uandes.cl\/2023\/wp-content\/uploads\/2023\/08\/stanford_1-300x138.jpg 300w, https:\/\/revistacampus.uandes.cl\/2023\/wp-content\/uploads\/2023\/08\/stanford_1-1024x472.jpg 1024w, https:\/\/revistacampus.uandes.cl\/2023\/wp-content\/uploads\/2023\/08\/stanford_1-768x354.jpg 768w, https:\/\/revistacampus.uandes.cl\/2023\/wp-content\/uploads\/2023\/08\/stanford_1-1536x708.jpg 1536w\" sizes=\"(max-width: 2000px) 100vw, 2000px\" \/><\/div><\/a><\/div><div class=\"gutentor-post-title-data-wrap\"><h3 class=\"gutentor-post-title\"><a href=\"https:\/\/revistacampus.uandes.cl\/2023\/queremos-ser-lideres-y-agentes-de-cambio\/\" rel=\"bookmark\">\u201cQueremos ser l\u00edderes y agentes de cambio\u201d<\/a><\/h3><\/div><div class=\"gutentor-post-desc\">Las alumnas de ADS que han participado en el programa University Innovation Fellows (UIF) de la Universidad de Stanford &hellip;<\/div><div class=\"gutentor-button-wrap\"><\/div><\/div><\/article><article class='gutentor-post  grid-md-4 grid-sm-4 grid-xs-12'><div class='gutentor-post-item'><div class='gutentor-post-image-box'><a class=\"gutentor-post-image-link \" href=\"https:\/\/revistacampus.uandes.cl\/2023\/mas-de-10-000-alumnos-de-todo-chile-han-participado-en-el-concurso-challengers\/\"  rel=\"noopener noreferrer\"><div class=\"gutentor-image-thumb\"><img decoding=\"async\" width=\"1835\" height=\"800\" src=\"https:\/\/revistacampus.uandes.cl\/2023\/wp-content\/uploads\/2023\/09\/Portada_Challengers_PNG.png\" class=\"attachment-full size-full wp-post-image\" alt=\"\" srcset=\"https:\/\/revistacampus.uandes.cl\/2023\/wp-content\/uploads\/2023\/09\/Portada_Challengers_PNG.png 1835w, https:\/\/revistacampus.uandes.cl\/2023\/wp-content\/uploads\/2023\/09\/Portada_Challengers_PNG-300x131.png 300w, https:\/\/revistacampus.uandes.cl\/2023\/wp-content\/uploads\/2023\/09\/Portada_Challengers_PNG-1024x446.png 1024w, https:\/\/revistacampus.uandes.cl\/2023\/wp-content\/uploads\/2023\/09\/Portada_Challengers_PNG-768x335.png 768w, https:\/\/revistacampus.uandes.cl\/2023\/wp-content\/uploads\/2023\/09\/Portada_Challengers_PNG-1536x670.png 1536w\" sizes=\"(max-width: 1835px) 100vw, 1835px\" \/><\/div><\/a><\/div><div class=\"gutentor-post-title-data-wrap\"><h3 class=\"gutentor-post-title\"><a href=\"https:\/\/revistacampus.uandes.cl\/2023\/mas-de-10-000-alumnos-de-todo-chile-han-participado-en-el-concurso-challengers\/\" rel=\"bookmark\">Challengers<\/a><\/h3><\/div><div class=\"gutentor-post-desc\">M\u00e1s de 10.000 alumnos de todo Chile han participado en este concurso&hellip;<\/div><div class=\"gutentor-button-wrap\"><\/div><\/div><\/article><article class='gutentor-post  grid-md-4 grid-sm-4 grid-xs-12'><div class='gutentor-post-item'><div class='gutentor-post-image-box'><a class=\"gutentor-post-image-link \" href=\"https:\/\/revistacampus.uandes.cl\/2023\/ensenar-aprender-e-investigar-con-inteligencia-artificial-ia\/\"  rel=\"noopener noreferrer\"><div class=\"gutentor-image-thumb\"><img decoding=\"async\" width=\"1417\" height=\"945\" src=\"https:\/\/revistacampus.uandes.cl\/2023\/wp-content\/uploads\/2023\/09\/IA.jpeg\" class=\"attachment-full size-full wp-post-image\" alt=\"\" srcset=\"https:\/\/revistacampus.uandes.cl\/2023\/wp-content\/uploads\/2023\/09\/IA.jpeg 1417w, https:\/\/revistacampus.uandes.cl\/2023\/wp-content\/uploads\/2023\/09\/IA-300x200.jpeg 300w, https:\/\/revistacampus.uandes.cl\/2023\/wp-content\/uploads\/2023\/09\/IA-1024x683.jpeg 1024w, https:\/\/revistacampus.uandes.cl\/2023\/wp-content\/uploads\/2023\/09\/IA-768x512.jpeg 768w\" sizes=\"(max-width: 1417px) 100vw, 1417px\" \/><\/div><\/a><\/div><div class=\"gutentor-post-title-data-wrap\"><h3 class=\"gutentor-post-title\"><a href=\"https:\/\/revistacampus.uandes.cl\/2023\/ensenar-aprender-e-investigar-con-inteligencia-artificial-ia\/\" rel=\"bookmark\">Ense\u00f1ar, aprender e investigar con Inteligencia Artificial<\/a><\/h3><\/div><div class=\"gutentor-post-desc\">Investigadores de Ingenier\u00eda ya utilizan IA para desarrollar diagn\u00f3sticos m\u00e9dicos, reconocimiento visual y detecci\u00f3n del&hellip;<\/div><div class=\"gutentor-button-wrap\"><\/div><\/div><\/article><\/div><\/div><\/section>\n\n\n<div id=\"section-g2fd3e0\" class=\"wp-block-gutentor-e17 section-g2fd3e0 gutentor-element gutentor-post-footer d-none\"><div class=\"grid-container\"><div class=\"grid-row\">\n<div id=\"col-gm581b16\" class=\"wp-block-gutentor-e15 gutentor-single-column  grid-lg-12 grid-md-12 grid-12\"><div id=\"section-gm581b16\" class=\"section-gm581b16 gutentor-col-wrap\">\n<div id=\"section-g3694e0\" class=\"wp-block-gutentor-e12 section-g3694e0 gutentor-element gutentor-element-pagination text-align-center-mobile\"><div class=\"gutentor-pagination-wrap\" data-maxnumpages=\"1\"><ul class=\"gutentor-pagination\"><li class=\"gutentor-pagination-item gutentor-pagination-prev\"><a class=\"gutentor-pagination-link gutentor-disabled\" href=\"#\"><i class=\"fas fa-chevron-left\"><\/i>Anterior<\/a><\/li><li class=\"gutentor-pagination-item gutentor-pagination-active\" data-gpage=\"1\"><a class=\"gutentor-pagination-link\" href=\"#\">1<\/a><\/li><li class=\"gutentor-pagination-item gutentor-pagination-next\"><a class=\"gutentor-pagination-link gutentor-disabled\" href=\"#\" data-gpage=\"2\">Siguiente<i class=\"fas fa-chevron-right\"><\/i><\/a><\/li><\/ul><\/div><\/div>\n<\/div><\/div>\n<\/div><\/div><\/div>\n<\/section>\n","protected":false},"excerpt":{"rendered":"<div class=\"extr\"> <section id=\"g288b28\" class=\"wp-block-gutentor-p4 section-g288b28 gutentor-post-module gutentor-advanced-post-module\" data-gpid=\"2596\" data-l-ani=\"gp4-animation-1\" data-i-b=\"gutentor\/p1\" data-maxnumpages=\"1\"> <div id=\"section-g977122\" class=\"wp-block-gutentor-e16 section-g977122 gutentor-element gutentor-post-header d-none\"> <div class=\"grid-container\"> <div class=\"grid-row\"> <div id=\"col-gm0eaed2\" class=\"wp-block-gutentor-e15 gutentor-single-column  grid-lg-5 grid-md-5 grid-5\"> <div id=\"section-gm0eaed2\" class=\"section-gm0eaed2 gutentor-col-wrap\"> <div id=\"section-gd4e65e\" class=\"wp-block-gutentor-e0 section-gd4e65e gutentor-element gutentor-element-advanced-text\"> <div class=\"gutentor-text-wrap\"> <h3 class=\"gutentor-text\"> <\/h3> <\/div> <\/div> <div id=\"section-g5610d9\" class=\"wp-block-gutentor-e0 section-g5610d9 gutentor-element gutentor-element-advanced-text\"> <div class=\"gutentor-text-wrap\"> <p class=\"gutentor-text\"> <\/p> <\/div> <\/div> <\/div> <\/div> <div id=\"col-gmf01e64\" class=\"wp-block-gutentor-e15 gutentor-single-column  grid-lg-5 grid-md-5 grid-5\"> <div id=\"section-gmf01e64\" class=\"section-gmf01e64 gutentor-col-wrap\"> <div id=\"section-g8656f8\" class=\"wp-block-gutentor-e14 section-g8656f8 gutentor-element gutentor-element-term-filter text-align-center-desktop text-align-center-tablet text-align-left-mobile\"> <div class=\"gutentor-filter-navigation\" data-gtax=\"category\" data-gpost=\"post\"> <div class=\"gutentor-filter-wrap\"> <ul class=\"gutentor-filter-list g-responsive-menu\"> <\/ul> <\/div> <\/div> <\/div> <\/div> <\/div> <div id=\"col-gm7cdf32\" class=\"wp-block-gutentor-e15 gutentor-single-column  grid-lg-2 grid-md-2 grid-2\"> <div id=\"section-gm7cdf32\" class=\"section-gm7cdf32 gutentor-col-wrap\"> <div id=\"section-g8980f3\" class=\"wp-block-gutentor-e13 section-g8980f3 gutentor-element gutentor-element-navigation text-align-right-desktop text-align-right-tablet text-align-left-mobile\"> <div class=\"gutentor-navigation\" data-gpage=\"1\"> <ul class=\"gutentor-next-prev\"> <li> <a class=\"gutentor-disabled g-nav-prev\"> <i class=\"fas fa-chevron-left\"> <\/i> <\/a> <\/li> <li> <a class=\"g-nav-next gutentor-disabled\"> <i class=\"fas fa-chevron-right\"> <\/i> <\/a> <\/li> <\/ul> <\/div> <\/div> <\/div> <\/div> <\/div> <\/div> <\/div> <div id=\"section-g2fd3e0\" class=\"wp-block-gutentor-e17 section-g2fd3e0 gutentor-element gutentor-post-footer d-none\"> <div class=\"grid-container\"> <div class=\"grid-row\"> <div id=\"col-gm581b16\" class=\"wp-block-gutentor-e15 gutentor-single-column  grid-lg-12 grid-md-12 grid-12\"> <div id=\"section-gm581b16\" class=\"section-gm581b16 gutentor-col-wrap\"> <div id=\"section-g3694e0\" class=\"wp-block-gutentor-e12 section-g3694e0 gutentor-element gutentor-element-pagination text-align-center-mobile\"> <div class=\"gutentor-pagination-wrap\" data-maxnumpages=\"1\"> <ul class=\"gutentor-pagination\"> <li class=\"gutentor-pagination-item gutentor-pagination-prev\"> <a class=\"gutentor-pagination-link gutentor-disabled\" href=\"#\"> <i class=\"fas fa-chevron-left\"> <\/i> Anterior<\/a><\/li><li class=\"gutentor-pagination-item gutentor-pagination-active\" data-gpage=\"1\"><a class=\"gutentor-pagination-link\" href=\"#\">1<\/a><\/li><li class=\"gutentor-pagination-item gutentor-pagination-next\"><a class=\"gutentor-pagination-link gutentor-disabled\" href=\"#\" data-gpage=\"2\">Siguiente<i class=\"fas fa-chevron-right\"><\/i><\/a><\/li><\/ul><\/div><\/div> <\/div> <\/div> <\/div> <\/div> <\/div>...<\/section><\/div>","protected":false},"author":1,"featured_media":0,"parent":0,"menu_order":0,"comment_status":"closed","ping_status":"closed","template":"","meta":{"footnotes":""},"class_list":["post-2596","page","type-page","status-publish","hentry"],"_links":{"self":[{"href":"https:\/\/revistacampus.uandes.cl\/2023\/wp-json\/wp\/v2\/pages\/2596","targetHints":{"allow":["GET"]}}],"collection":[{"href":"https:\/\/revistacampus.uandes.cl\/2023\/wp-json\/wp\/v2\/pages"}],"about":[{"href":"https:\/\/revistacampus.uandes.cl\/2023\/wp-json\/wp\/v2\/types\/page"}],"author":[{"embeddable":true,"href":"https:\/\/revistacampus.uandes.cl\/2023\/wp-json\/wp\/v2\/users\/1"}],"replies":[{"embeddable":true,"href":"https:\/\/revistacampus.uandes.cl\/2023\/wp-json\/wp\/v2\/comments?post=2596"}],"version-history":[{"count":1,"href":"https:\/\/revistacampus.uandes.cl\/2023\/wp-json\/wp\/v2\/pages\/2596\/revisions"}],"predecessor-version":[{"id":2597,"href":"https:\/\/revistacampus.uandes.cl\/2023\/wp-json\/wp\/v2\/pages\/2596\/revisions\/2597"}],"wp:attachment":[{"href":"https:\/\/revistacampus.uandes.cl\/2023\/wp-json\/wp\/v2\/media?parent=2596"}],"curies":[{"name":"wp","href":"https:\/\/api.w.org\/{rel}","templated":true}]}}