{"id":2551,"date":"2023-09-07T20:03:25","date_gmt":"2023-09-07T23:03:25","guid":{"rendered":"https:\/\/revistacampus.uandes.cl\/2023\/?page_id=2551"},"modified":"2023-09-07T20:03:26","modified_gmt":"2023-09-07T23:03:26","slug":"pais","status":"publish","type":"page","link":"https:\/\/revistacampus.uandes.cl\/2023\/pais\/","title":{"rendered":"Pa\u00eds"},"content":{"rendered":"\n<section id=\"gfa1ba0\" class=\"wp-block-gutentor-p4 section-gfa1ba0 gutentor-post-module gutentor-advanced-post-module\" data-gpid=\"2551\" data-l-ani=\"gp4-animation-1\" data-i-b=\"gutentor\/p1\" data-maxnumpages=\"1\">\n<div id=\"section-g36f633\" class=\"wp-block-gutentor-e16 section-g36f633 gutentor-element gutentor-post-header d-none\"><div class=\"grid-container\"><div class=\"grid-row\">\n<div id=\"col-gmef8e58\" class=\"wp-block-gutentor-e15 gutentor-single-column  grid-lg-5 grid-md-5 grid-5\"><div id=\"section-gmef8e58\" class=\"section-gmef8e58 gutentor-col-wrap\">\n<div id=\"section-g6fe0fd\" class=\"wp-block-gutentor-e0 section-g6fe0fd gutentor-element gutentor-element-advanced-text\"><div class=\"gutentor-text-wrap\"><h3 class=\"gutentor-text\"><\/h3><\/div><\/div>\n\n\n\n<div id=\"section-g49436d\" class=\"wp-block-gutentor-e0 section-g49436d gutentor-element gutentor-element-advanced-text\"><div class=\"gutentor-text-wrap\"><p class=\"gutentor-text\"><\/p><\/div><\/div>\n<\/div><\/div>\n\n\n\n<div id=\"col-gm9f6f70\" class=\"wp-block-gutentor-e15 gutentor-single-column  grid-lg-5 grid-md-5 grid-5\"><div id=\"section-gm9f6f70\" class=\"section-gm9f6f70 gutentor-col-wrap\">\n<div id=\"section-ge23375\" class=\"wp-block-gutentor-e14 section-ge23375 gutentor-element gutentor-element-term-filter text-align-center-desktop text-align-center-tablet text-align-left-mobile\"><div class=\"gutentor-filter-navigation\" data-gtax=\"category\" data-gpost=\"post\"><div class=\"gutentor-filter-wrap\"><ul class=\"gutentor-filter-list g-responsive-menu\"><\/ul><\/div><\/div><\/div>\n<\/div><\/div>\n\n\n\n<div id=\"col-gmfbe338\" class=\"wp-block-gutentor-e15 gutentor-single-column  grid-lg-2 grid-md-2 grid-2\"><div id=\"section-gmfbe338\" class=\"section-gmfbe338 gutentor-col-wrap\">\n<div id=\"section-gc46280\" class=\"wp-block-gutentor-e13 section-gc46280 gutentor-element gutentor-element-navigation text-align-right-desktop text-align-right-tablet text-align-left-mobile\"><div class=\"gutentor-navigation\" data-gpage=\"1\"><ul class=\"gutentor-next-prev\"><li><a class=\"gutentor-disabled g-nav-prev\"><i class=\"fas fa-chevron-left\"><\/i><\/a><\/li><li><a class=\"g-nav-next gutentor-disabled\"><i class=\"fas fa-chevron-right\"><\/i><\/a><\/li><\/ul><\/div><\/div>\n<\/div><\/div>\n<\/div><\/div><\/div>\n\n\n<section class=\"gutentor-post-module section-6c6a764c-f5c9-4b5d-a7c2-a9634124910a gutentor-post-module-p1 gutentor_p1_template1 wp-block-gutentor-p1 g-equal-height gutentor-blog-grid\" id=\"6c6a764c-f5c9-4b5d-a7c2-a9634124910a\" data-gbid=\"6c6a764c-f5c9-4b5d-a7c2-a9634124910a\" >\n<div class='grid-container'><div class='grid-row' ><article class='gutentor-post  grid-md-4 grid-sm-4 grid-xs-12'><div class='gutentor-post-item'><div class='gutentor-post-image-box'><a class=\"gutentor-post-image-link \" href=\"https:\/\/revistacampus.uandes.cl\/2023\/salvador-allende-50-anos-despues\/\"  rel=\"noopener noreferrer\"><div class=\"gutentor-image-thumb\"><img fetchpriority=\"high\" decoding=\"async\" width=\"1280\" height=\"720\" src=\"https:\/\/revistacampus.uandes.cl\/2023\/wp-content\/uploads\/2023\/08\/mansuy.jpg\" class=\"attachment-full size-full wp-post-image\" alt=\"\" srcset=\"https:\/\/revistacampus.uandes.cl\/2023\/wp-content\/uploads\/2023\/08\/mansuy.jpg 1280w, https:\/\/revistacampus.uandes.cl\/2023\/wp-content\/uploads\/2023\/08\/mansuy-300x169.jpg 300w, https:\/\/revistacampus.uandes.cl\/2023\/wp-content\/uploads\/2023\/08\/mansuy-1024x576.jpg 1024w, https:\/\/revistacampus.uandes.cl\/2023\/wp-content\/uploads\/2023\/08\/mansuy-768x432.jpg 768w\" sizes=\"(max-width: 1280px) 100vw, 1280px\" \/><\/div><\/a><\/div><div class=\"gutentor-post-title-data-wrap\"><h3 class=\"gutentor-post-title\"><a href=\"https:\/\/revistacampus.uandes.cl\/2023\/salvador-allende-50-anos-despues\/\" rel=\"bookmark\">Salvador Allende 50 a\u00f1os despu\u00e9s<\/a><\/h3><\/div><div class=\"gutentor-post-desc\">Seg\u00fan Mansuy&hellip;<\/div><div class=\"gutentor-button-wrap\"><\/div><\/div><\/article><article class='gutentor-post  grid-md-4 grid-sm-4 grid-xs-12'><div class='gutentor-post-item'><div class='gutentor-post-image-box'><a class=\"gutentor-post-image-link \" href=\"https:\/\/revistacampus.uandes.cl\/2023\/jaime-arancibia-y-marcela-peredo\/\"  rel=\"noopener noreferrer\"><div class=\"gutentor-image-thumb\"><img decoding=\"async\" width=\"1909\" height=\"1113\" src=\"https:\/\/revistacampus.uandes.cl\/2023\/wp-content\/uploads\/2023\/08\/arancibia-peredo.jpg\" class=\"attachment-full size-full wp-post-image\" alt=\"\" srcset=\"https:\/\/revistacampus.uandes.cl\/2023\/wp-content\/uploads\/2023\/08\/arancibia-peredo.jpg 1909w, https:\/\/revistacampus.uandes.cl\/2023\/wp-content\/uploads\/2023\/08\/arancibia-peredo-300x175.jpg 300w, https:\/\/revistacampus.uandes.cl\/2023\/wp-content\/uploads\/2023\/08\/arancibia-peredo-1024x597.jpg 1024w, https:\/\/revistacampus.uandes.cl\/2023\/wp-content\/uploads\/2023\/08\/arancibia-peredo-768x448.jpg 768w, https:\/\/revistacampus.uandes.cl\/2023\/wp-content\/uploads\/2023\/08\/arancibia-peredo-1536x896.jpg 1536w\" sizes=\"(max-width: 1909px) 100vw, 1909px\" \/><\/div><\/a><\/div><div class=\"gutentor-post-title-data-wrap\"><h3 class=\"gutentor-post-title\"><a href=\"https:\/\/revistacampus.uandes.cl\/2023\/jaime-arancibia-y-marcela-peredo\/\" rel=\"bookmark\">Dos expertos para un desaf\u00edo hist\u00f3rico<\/a><\/h3><\/div><div class=\"gutentor-post-desc\">Jaime Arancibia y Marcela Peredo&hellip;<\/div><div class=\"gutentor-button-wrap\"><\/div><\/div><\/article><article class='gutentor-post  grid-md-4 grid-sm-4 grid-xs-12'><div class='gutentor-post-item'><div class='gutentor-post-image-box'><a class=\"gutentor-post-image-link \" href=\"https:\/\/revistacampus.uandes.cl\/2023\/al-rescate-de-la-lectura\/\"  rel=\"noopener noreferrer\"><div class=\"gutentor-image-thumb\"><img decoding=\"async\" width=\"1417\" height=\"945\" src=\"https:\/\/revistacampus.uandes.cl\/2023\/wp-content\/uploads\/2023\/08\/carolina_melo.jpg\" class=\"attachment-full size-full wp-post-image\" alt=\"\" srcset=\"https:\/\/revistacampus.uandes.cl\/2023\/wp-content\/uploads\/2023\/08\/carolina_melo.jpg 1417w, https:\/\/revistacampus.uandes.cl\/2023\/wp-content\/uploads\/2023\/08\/carolina_melo-300x200.jpg 300w, https:\/\/revistacampus.uandes.cl\/2023\/wp-content\/uploads\/2023\/08\/carolina_melo-1024x683.jpg 1024w, https:\/\/revistacampus.uandes.cl\/2023\/wp-content\/uploads\/2023\/08\/carolina_melo-768x512.jpg 768w\" sizes=\"(max-width: 1417px) 100vw, 1417px\" \/><\/div><\/a><\/div><div class=\"gutentor-post-title-data-wrap\"><h3 class=\"gutentor-post-title\"><a href=\"https:\/\/revistacampus.uandes.cl\/2023\/al-rescate-de-la-lectura\/\" rel=\"bookmark\">Al rescate de la lectura<\/a><\/h3><\/div><div class=\"gutentor-post-desc\">\u201cLa pandemia agrav\u00f3 y visibiliz\u00f3 el problema de la lectura\u201d, asegura la investigadora Carolina Melo, cuyo estudio inspir&hellip;<\/div><div class=\"gutentor-button-wrap\"><\/div><\/div><\/article><article class='gutentor-post  grid-md-4 grid-sm-4 grid-xs-12'><div class='gutentor-post-item'><div class='gutentor-post-image-box'><a class=\"gutentor-post-image-link \" href=\"https:\/\/revistacampus.uandes.cl\/2023\/ensenar-aprender-e-investigar-con-inteligencia-artificial-ia\/\"  rel=\"noopener noreferrer\"><div class=\"gutentor-image-thumb\"><img loading=\"lazy\" decoding=\"async\" width=\"1417\" height=\"945\" src=\"https:\/\/revistacampus.uandes.cl\/2023\/wp-content\/uploads\/2023\/09\/IA.jpeg\" class=\"attachment-full size-full wp-post-image\" alt=\"\" srcset=\"https:\/\/revistacampus.uandes.cl\/2023\/wp-content\/uploads\/2023\/09\/IA.jpeg 1417w, https:\/\/revistacampus.uandes.cl\/2023\/wp-content\/uploads\/2023\/09\/IA-300x200.jpeg 300w, https:\/\/revistacampus.uandes.cl\/2023\/wp-content\/uploads\/2023\/09\/IA-1024x683.jpeg 1024w, https:\/\/revistacampus.uandes.cl\/2023\/wp-content\/uploads\/2023\/09\/IA-768x512.jpeg 768w\" sizes=\"(max-width: 1417px) 100vw, 1417px\" \/><\/div><\/a><\/div><div class=\"gutentor-post-title-data-wrap\"><h3 class=\"gutentor-post-title\"><a href=\"https:\/\/revistacampus.uandes.cl\/2023\/ensenar-aprender-e-investigar-con-inteligencia-artificial-ia\/\" rel=\"bookmark\">Ense\u00f1ar, aprender e investigar con Inteligencia Artificial<\/a><\/h3><\/div><div class=\"gutentor-post-desc\">Investigadores de Ingenier\u00eda ya utilizan IA para desarrollar diagn\u00f3sticos m\u00e9dicos, reconocimiento visual y detecci\u00f3n del&hellip;<\/div><div class=\"gutentor-button-wrap\"><\/div><\/div><\/article><article class='gutentor-post  grid-md-4 grid-sm-4 grid-xs-12'><div class='gutentor-post-item'><div class='gutentor-post-image-box'><a class=\"gutentor-post-image-link \" href=\"https:\/\/revistacampus.uandes.cl\/2023\/medicina-del-estilo-de-vida\/\"  rel=\"noopener noreferrer\"><div class=\"gutentor-image-thumb\"><img loading=\"lazy\" decoding=\"async\" width=\"1417\" height=\"945\" src=\"https:\/\/revistacampus.uandes.cl\/2023\/wp-content\/uploads\/2023\/08\/Portada_Med.jpg\" class=\"attachment-full size-full wp-post-image\" alt=\"\" srcset=\"https:\/\/revistacampus.uandes.cl\/2023\/wp-content\/uploads\/2023\/08\/Portada_Med.jpg 1417w, https:\/\/revistacampus.uandes.cl\/2023\/wp-content\/uploads\/2023\/08\/Portada_Med-300x200.jpg 300w, https:\/\/revistacampus.uandes.cl\/2023\/wp-content\/uploads\/2023\/08\/Portada_Med-1024x683.jpg 1024w, https:\/\/revistacampus.uandes.cl\/2023\/wp-content\/uploads\/2023\/08\/Portada_Med-768x512.jpg 768w\" sizes=\"(max-width: 1417px) 100vw, 1417px\" \/><\/div><\/a><\/div><div class=\"gutentor-post-title-data-wrap\"><h3 class=\"gutentor-post-title\"><a href=\"https:\/\/revistacampus.uandes.cl\/2023\/medicina-del-estilo-de-vida\/\" rel=\"bookmark\">Medicina del Estilo de Vida:<\/a><\/h3><\/div><div class=\"gutentor-post-desc\">Mejorar la salud de las personas de manera integral&hellip;<\/div><div class=\"gutentor-button-wrap\"><\/div><\/div><\/article><article class='gutentor-post  grid-md-4 grid-sm-4 grid-xs-12'><div class='gutentor-post-item'><div class='gutentor-post-image-box'><a class=\"gutentor-post-image-link \" href=\"https:\/\/revistacampus.uandes.cl\/2023\/corresponsabilidad-y-familia\/\"  rel=\"noopener noreferrer\"><div class=\"gutentor-image-thumb\"><img loading=\"lazy\" decoding=\"async\" width=\"1136\" height=\"520\" src=\"https:\/\/revistacampus.uandes.cl\/2023\/wp-content\/uploads\/2023\/09\/Portada_Retrocesos.jpg\" class=\"attachment-full size-full wp-post-image\" alt=\"\" srcset=\"https:\/\/revistacampus.uandes.cl\/2023\/wp-content\/uploads\/2023\/09\/Portada_Retrocesos.jpg 1136w, https:\/\/revistacampus.uandes.cl\/2023\/wp-content\/uploads\/2023\/09\/Portada_Retrocesos-300x137.jpg 300w, https:\/\/revistacampus.uandes.cl\/2023\/wp-content\/uploads\/2023\/09\/Portada_Retrocesos-1024x469.jpg 1024w, https:\/\/revistacampus.uandes.cl\/2023\/wp-content\/uploads\/2023\/09\/Portada_Retrocesos-768x352.jpg 768w\" sizes=\"(max-width: 1136px) 100vw, 1136px\" \/><\/div><\/a><\/div><div class=\"gutentor-post-title-data-wrap\"><h3 class=\"gutentor-post-title\"><a href=\"https:\/\/revistacampus.uandes.cl\/2023\/corresponsabilidad-y-familia\/\" rel=\"bookmark\">Corresponsabilidad y familia:<\/a><\/h3><\/div><div class=\"gutentor-post-desc\">Retrocesos y avances en la sociedad pospandemia&hellip;<\/div><div class=\"gutentor-button-wrap\"><\/div><\/div><\/article><\/div><\/div><\/section>\n\n\n<div id=\"section-g72c5fd\" class=\"wp-block-gutentor-e17 section-g72c5fd gutentor-element gutentor-post-footer d-none\"><div class=\"grid-container\"><div class=\"grid-row\">\n<div id=\"col-gm692212\" class=\"wp-block-gutentor-e15 gutentor-single-column  grid-lg-12 grid-md-12 grid-12\"><div id=\"section-gm692212\" class=\"section-gm692212 gutentor-col-wrap\">\n<div id=\"section-gdebd69\" class=\"wp-block-gutentor-e12 section-gdebd69 gutentor-element gutentor-element-pagination text-align-center-mobile\"><div class=\"gutentor-pagination-wrap\" data-maxnumpages=\"1\"><ul class=\"gutentor-pagination\"><li class=\"gutentor-pagination-item gutentor-pagination-prev\"><a class=\"gutentor-pagination-link gutentor-disabled\" href=\"#\"><i class=\"fas fa-chevron-left\"><\/i>Anterior<\/a><\/li><li class=\"gutentor-pagination-item gutentor-pagination-active\" data-gpage=\"1\"><a class=\"gutentor-pagination-link\" href=\"#\">1<\/a><\/li><li class=\"gutentor-pagination-item gutentor-pagination-next\"><a class=\"gutentor-pagination-link gutentor-disabled\" href=\"#\" data-gpage=\"2\">Siguiente<i class=\"fas fa-chevron-right\"><\/i><\/a><\/li><\/ul><\/div><\/div>\n<\/div><\/div>\n<\/div><\/div><\/div>\n<\/section>\n","protected":false},"excerpt":{"rendered":"<div class=\"extr\"> <section id=\"gfa1ba0\" class=\"wp-block-gutentor-p4 section-gfa1ba0 gutentor-post-module gutentor-advanced-post-module\" data-gpid=\"2551\" data-l-ani=\"gp4-animation-1\" data-i-b=\"gutentor\/p1\" data-maxnumpages=\"1\"> <div id=\"section-g36f633\" class=\"wp-block-gutentor-e16 section-g36f633 gutentor-element gutentor-post-header d-none\"> <div class=\"grid-container\"> <div class=\"grid-row\"> <div id=\"col-gmef8e58\" class=\"wp-block-gutentor-e15 gutentor-single-column  grid-lg-5 grid-md-5 grid-5\"> <div id=\"section-gmef8e58\" class=\"section-gmef8e58 gutentor-col-wrap\"> <div id=\"section-g6fe0fd\" class=\"wp-block-gutentor-e0 section-g6fe0fd gutentor-element gutentor-element-advanced-text\"> <div class=\"gutentor-text-wrap\"> <h3 class=\"gutentor-text\"> <\/h3> <\/div> <\/div> <div id=\"section-g49436d\" class=\"wp-block-gutentor-e0 section-g49436d gutentor-element gutentor-element-advanced-text\"> <div class=\"gutentor-text-wrap\"> <p class=\"gutentor-text\"> <\/p> <\/div> <\/div> <\/div> <\/div> <div id=\"col-gm9f6f70\" class=\"wp-block-gutentor-e15 gutentor-single-column  grid-lg-5 grid-md-5 grid-5\"> <div id=\"section-gm9f6f70\" class=\"section-gm9f6f70 gutentor-col-wrap\"> <div id=\"section-ge23375\" class=\"wp-block-gutentor-e14 section-ge23375 gutentor-element gutentor-element-term-filter text-align-center-desktop text-align-center-tablet text-align-left-mobile\"> <div class=\"gutentor-filter-navigation\" data-gtax=\"category\" data-gpost=\"post\"> <div class=\"gutentor-filter-wrap\"> <ul class=\"gutentor-filter-list g-responsive-menu\"> <\/ul> <\/div> <\/div> <\/div> <\/div> <\/div> <div id=\"col-gmfbe338\" class=\"wp-block-gutentor-e15 gutentor-single-column  grid-lg-2 grid-md-2 grid-2\"> <div id=\"section-gmfbe338\" class=\"section-gmfbe338 gutentor-col-wrap\"> <div id=\"section-gc46280\" class=\"wp-block-gutentor-e13 section-gc46280 gutentor-element gutentor-element-navigation text-align-right-desktop text-align-right-tablet text-align-left-mobile\"> <div class=\"gutentor-navigation\" data-gpage=\"1\"> <ul class=\"gutentor-next-prev\"> <li> <a class=\"gutentor-disabled g-nav-prev\"> <i class=\"fas fa-chevron-left\"> <\/i> <\/a> <\/li> <li> <a class=\"g-nav-next gutentor-disabled\"> <i class=\"fas fa-chevron-right\"> <\/i> <\/a> <\/li> <\/ul> <\/div> <\/div> <\/div> <\/div> <\/div> <\/div> <\/div> <div id=\"section-g72c5fd\" class=\"wp-block-gutentor-e17 section-g72c5fd gutentor-element gutentor-post-footer d-none\"> <div class=\"grid-container\"> <div class=\"grid-row\"> <div id=\"col-gm692212\" class=\"wp-block-gutentor-e15 gutentor-single-column  grid-lg-12 grid-md-12 grid-12\"> <div id=\"section-gm692212\" class=\"section-gm692212 gutentor-col-wrap\"> <div id=\"section-gdebd69\" class=\"wp-block-gutentor-e12 section-gdebd69 gutentor-element gutentor-element-pagination text-align-center-mobile\"> <div class=\"gutentor-pagination-wrap\" data-maxnumpages=\"1\"> <ul class=\"gutentor-pagination\"> <li class=\"gutentor-pagination-item gutentor-pagination-prev\"> <a class=\"gutentor-pagination-link gutentor-disabled\" href=\"#\"> <i class=\"fas fa-chevron-left\"> <\/i> Anterior<\/a><\/li><li class=\"gutentor-pagination-item gutentor-pagination-active\" data-gpage=\"1\"><a class=\"gutentor-pagination-link\" href=\"#\">1<\/a><\/li><li class=\"gutentor-pagination-item gutentor-pagination-next\"><a class=\"gutentor-pagination-link gutentor-disabled\" href=\"#\" data-gpage=\"2\">Siguiente<i class=\"fas fa-chevron-right\"><\/i><\/a><\/li><\/ul><\/div><\/div> <\/div> <\/div> <\/div> <\/div> <\/div>...<\/section><\/div>","protected":false},"author":1,"featured_media":0,"parent":0,"menu_order":0,"comment_status":"closed","ping_status":"closed","template":"","meta":{"footnotes":""},"class_list":["post-2551","page","type-page","status-publish","hentry"],"_links":{"self":[{"href":"https:\/\/revistacampus.uandes.cl\/2023\/wp-json\/wp\/v2\/pages\/2551","targetHints":{"allow":["GET"]}}],"collection":[{"href":"https:\/\/revistacampus.uandes.cl\/2023\/wp-json\/wp\/v2\/pages"}],"about":[{"href":"https:\/\/revistacampus.uandes.cl\/2023\/wp-json\/wp\/v2\/types\/page"}],"author":[{"embeddable":true,"href":"https:\/\/revistacampus.uandes.cl\/2023\/wp-json\/wp\/v2\/users\/1"}],"replies":[{"embeddable":true,"href":"https:\/\/revistacampus.uandes.cl\/2023\/wp-json\/wp\/v2\/comments?post=2551"}],"version-history":[{"count":1,"href":"https:\/\/revistacampus.uandes.cl\/2023\/wp-json\/wp\/v2\/pages\/2551\/revisions"}],"predecessor-version":[{"id":2552,"href":"https:\/\/revistacampus.uandes.cl\/2023\/wp-json\/wp\/v2\/pages\/2551\/revisions\/2552"}],"wp:attachment":[{"href":"https:\/\/revistacampus.uandes.cl\/2023\/wp-json\/wp\/v2\/media?parent=2551"}],"curies":[{"name":"wp","href":"https:\/\/api.w.org\/{rel}","templated":true}]}}